t of 27039483?
0
What is the units digit of 393?
3
What is the units digit of 244348?
8
What is the thousands digit of 3130824?
0
What is the hundred thousands digit of 1090528?
0
What is the ten millions digit of 19615095?
1
What is the hundreds digit of 274508?
5
What is the hundreds digit of 472400?
4
What is the hundreds digit of 1295941?
9
What is the millions digit of 8811764?
8
What is the thousands digit of 2165353?
5
What is the hundred thousands digit of 7360764?
3
What is the millions digit of 3630753?
3
What is the units digit of 473821?
1
What is the ten thousands digit of 1298995?
9
What is the millions digit of 7729522?
7
What is the hundreds digit of 17724455?
4
What is the ten thousands digit of 1296572?
9
What is the hundreds digit of 496356?
3
What is the tens digit of 172778?
7
What is the hundred thousands digit of 105787?
1
What is the units digit of 1012042?
2
What is the ten millions digit of 19196720?
1
What is the ten thousands digit of 923701?
2
What is the thousands digit of 738414?
8
What is the ten thousands digit of 97625?
9
What is the ten thousands digit of 229733?
2
What is the ten thousands digit of 2992429?
9
What is the hundred thousands digit of 330889?
3
What is the hundred thousands digit of 1801557?
8
What is the tens digit of 1175632?
3
What is the thousands digit of 8288461?
8
What is the hundreds digit of 1008562?
5
What is the hundreds digit of 186951?
9
What is the units digit of 198353?
3
What is the thousands digit of 110253?
0
What is the tens digit of 848502?
0
What is the tens digit of 162207?
0
What is the units digit of 704815?
5
What is the tens digit of 1218641?
4
What is the ten millions digit of 14813117?
1
What is the ten millions digit of 15409279?
1
What is the ten thousands digit of 1141239?
4
What is the millions digit of 5219047?
5
What is the units digit of 557901?
1
What is the thousands digit of 211400?
1
What is the ten thousands digit of 385752?
8
What is the ten thousands digit of 199611?
9
What is the ten thousands digit of 16358547?
5
What is the tens digit of 98123?
2
What is the tens digit of 5108499?
9
What is the hundred thousands digit of 331894?
3
What is the hundred thousands digit of 3185641?
1
What is the thousands digit of 1204514?
4
What is the hundreds digit of 44139?
1
What is the ten thousands digit of 78076?
7
What is the tens digit of 517014?
1
What is the hundreds digit of 28973?
9
What is the units digit of 2893320?
0
What is the ten thousands digit of 2557577?
5
What is the hundred thousands digit of 2193680?
1
What is the hundreds digit of 291497?
4
What is the thousands digit of 93803?
3
What is the tens digit of 259914?
1
What is the millions digit of 12639196?
2
What is the ten thousands digit of 712605?
1
What is the thousands digit of 8622829?
2
What is the thousands digit of 17297836?
7
What is the tens digit of 1241459?
5
What is the thousands digit of 1140875?
0
What is the tens digit of 477193?
9
What is the millions digit of 3641600?
3
What is the thousands digit of 13072753?
2
What is the units digit of 1153073?
3
What is the tens digit of 72883?
8
What is the hundred thousands digit of 32780506?
7
What is the ten thousands digit of 1451778?
5
What is the units digit of 1970928?
8
What is the hundred thousands digit of 140175?
1
What is the units digit of 64353?
3
What is the tens digit of 436165?
6
What is the hundreds digit of 5561730?
7
What is the tens digit of 1833568?
6
What is the hundreds digit of 171531?
5
What is the units digit of 3205434?
4
What is the ten thousands digit of 453707?
5
What is the thousands digit of 1013242?
3
What is the tens digit of 2832188?
8
What is the ten thousands digit of 10507674?
0
What is the ten thousands digit of 9767790?
6
What is the hundred thousands digit of 16570186?
5
What is the hundred thousands digit of 186546?
1
What is the thousands digit of 196880?
6
What is the millions digit of 1275922?
1
What is the units digit of 639145?
5
What is the millions digit of 1287113?
1
What is the ten millions digit of 11964031?
1
What is the hundreds digit of 1284403?
4
What is the thousands digit of 4213337?
3
What is the tens digit of 272529?
2
What is the ten thousands digit of 20239791?
3
What is the thousands digit of 2285979?
5
What is the millions digit of 8533581?
8
What is the units digit of 7240552?
2
What is the tens digit of 6288764?
6
What is the millions digit of 1811970?
1
What is the ten millions digit of 24807572?
2
What is the tens digit of 632783?
8
What is the hundred thousands digit of 26446834?
4
What is the thousands digit of 5805882?
5
What is the ten thousands digit of 2364896?
6
What is the ten thousands digit of 153043?
5
What is the tens digit of 777150?
5
What is the tens digit of 262436?
3
What is the tens digit of 5916?
1
What is the units digit of 269128?
8
What is the ten thousands digit of 190755?
9
What is the ten thousands digit of 64925?
6
What is the ten thousands digit of 164191?
6
What is the thousands digit of 16657430?
7
What is the ten thousands digit of 198898?
9
What is the hundreds digit of 75384?
3
What is the hundred thousands digit of 4993159?
9
What is the millions digit of 2035194?
2
What is the units digit of 60796?
6
What is the millions digit of 4158095?
4
What is the ten thousands digit of 51880?
5
What is the hundreds digit of 36344?
3
What is the ten thousands digit of 2907096?
0
What is the units digit of 402727?
7
What is the thousands digit of 569668?
9
What is the thousands digit of 294483?
4
What is the units digit of 358764?
4
What is the hundreds digit of 1665223?
2
What is the hundred thousands digit of 2477568?
4
What is the tens digit of 14550?
5
What is the thousands digit of 1594045?
4
What is the hundred thousands digit of 1802228?
8
What is the thousands digit of 173663?
3
What is the ten thousands digit of 3141449?
4
What is the hundred thousands digit of 513471?
5
What is the hundred thousands digit of 6062915?
0
What is the units digit of 12743364?
4
What is the hundreds digit of 883411?
4
What is the tens digit of 2664960?
6
What is the millions digit of 1499893?
1
What is the units digit of 238727?
7
What is the hundreds digit of 99899?
8
What is the thousands digit of 1115742?
5
What is the millions digit of 1335150?
1
What is the hundred thousands digit of 347576?
3
What is the hundreds digit of 25073768?
7
What is the tens digit of 10542381?
8
What is the units digit of 504846?
6
What is the ten thousands digit of 36206?
3
What is the ten thousands digit of 91149?
9
What is the units digit of 34344609?
9
What is the ten thousands digit of 22015610?
1
What is the units digit of 339811?
1
What is the thousands digit of 264437?
4
What is the thousands digit of 2450793?
0
What is the tens digit of 19611322?
2
What is the hundred thousands digit of 1397747?
3
What is the hundreds digit of 1629812?
8
What is the millions digit of 17907156?
7
What is the units digit of 11262277?
7
What is the hundred thousands digit of 2198184?
1
What is the hundred thousands digit of 114648?
1
What is the tens digit of 7506518?
1
What is the millions digit of 2827626?
2
What is the ten thousands digit of 17781653?
8
What is the tens digit of 5122932?
3
What is the thousands digit of 25281314?
1
What is the hundreds digit of 4930315?
3
What is the hundred thousands digit of 20450249?
4
What is the thousands digit of 694920?
4
What is the hundreds digit of 352567?
5
What is the hundreds digit of 5635753?
7
What is the ten thousands digit of 1572568?
7
What is the millions digit of 3658218?
3
What is the tens digit of 150932?
3
What is the millions digit of 3072763?
3
What is the ten thousands digit of 550691?
5
What is the ten thousands digit of 8537997?
3
What is the hundred thousands digit of 488933?
4
What is the units digit of 33434459?
9
What is the tens digit of 44058170?
7
What is the hundred thousands digit of 4884996?
8
What is the millions digit of 7865676?
7
What is the thousands digit of 413335?
3
What is the hundreds digit of 675695?
6
What is the thousands digit of 9682543?
2
What is the millions digit of 1101325?
1
What is the hundred thousands digit of 706682?
7
What is the tens digit of 831049?
4
What is the units digit of 612583?
3
